 u(q).
0
Let z(x) = 3*x - 15. Let y be z(7). Suppose 2*h = -20 + y. Let a(s) = s**3 + 8*s**2 + 8*s + 4. What is a(h)?
-3
Let i(n) = -n**3 - 2*n**2 + 4*n. Let m = -565 - -548. Let u be m/5 - (-234)/(-390). Give i(u).
16
Suppose 4*u + 774 = -5*z + 701, 5*u + 5*z + 80 = 0. Let a(w) = w**3 + 10*w**2 + 22*w + 1. Determine a(u).
-6
Suppose 25*t - 5*p = 22*t + 4, -5*t - 5*p - 20 = 0. Let b(m) = -m**2 - 7*m - 3. What is b(t)?
7
Let u = 115 - 113. Let f(c) = -12*c**2 + 3*c + 10*c**2 - 2 + 3*c**u. Suppose 0 = -g - 4 + 7. What is f(g)?
16
Let q(i) = 5*i**2 + 44*i**2 + 3*i**3 - 25*i - 6*i**2 - i**3 - 4 - 59. What is q(-22)?
3
Suppose -3*i + 1 = 37. Let o be (16/i)/4*-3. Let d(v) = 345 - 5*v - 688 + 344. Give d(o).
-4
Let f(u) = -u - 113026*u**2 + 2 - 113020*u**2 + 226047*u**2. Let t = 1 + -4. Give f(t).
14
Let u(r) = -r**3 + 19*r**2 - 44*r + 170. Suppose -21*y + 201 + 156 = 0. Let w be u(y). Let z(v) = -v**2 + 3*v - 18 + v - 5*v. Calculate z(w).
-18
Let g(r) = -4 - 26 + 48 - 2 + 20*r - 3. What is g(-5)?
-87
Let y(a) = 16 - 17 - 16 + 44*a - 45*a. Determine y(-24).
7
Let a(r) = r**3 - 5*r**2 + 10*r - 22. Let y be a(4). Let g(i) = 88*i**3 + y + 4*i - 87*i**3 - 3*i. Let l = 7 + -9. Calculate g(l).
-8
Let u(z) be the first derivative of -z**4/24 + z**3/6 - 26*z**2 - 68. Let t(a) be the second derivative of u(a). Give t(1).
0
Let n(s) = -8*s - 50. Let c(u) = -2*u**2 + 12*u - 22. Let f be c(2). What is n(f)?
-2
Let o(f) be the third derivative of f**6/120 + 3*f**5/20 - f**4/24 + f**3/2 + 3*f**2 - 4. Let x(p) = p**2 - 6*p - 121. Let u be x(-8). Give o(u).
12
Suppose 0 = d - 5*k - 39, 2*d = k + 4*k + 98. Let w = 57 - d. Let i(r) = -r**3 + 4*r**2 + 4*r + 3. What is i(w)?
19
Let p(w) = -4*w**3 - 9*w**2 - 17*w + 21. Let o(v) = -v**3 - 2*v**2 - 4*v + 5. Let i(u) = -9*o(u) + 2*p(u). Let d = 22869 + -22866. What is i(d)?
30
Suppose 70*h - 74*h - 32 = 0. Let p(s) = -2*s - 1. Let b(n) = -8*n - 3. Let v(y) = h*p(y) + 3*b(y). Determine v(-1).
7
Let p = -270 - -480. Let v = 214 - p. Let s(o) = -o - 4. Give s(v).
-8
Let a(c) = -1170*c + 91. Let p(o) = -523*o + 46. Let s(b) = -4*a(b) + 9*p(b). What is s(2)?
-4
Suppose o - 3 - 1 = 0. Suppose 0 = -j + 5*j - o. Let k(y) = -17*y**2 + y - 21. Let g(r) = 88*r**2 - 5*r + 110. Let f(x) = 4*g(x) + 21*k(x). Give f(j).
-5
Suppose 4*b = s - 31 + 7, -2*s + 4*b = -28. Let x(q) = 19*q + 4 - 40*q + 7*q**2 + 0 + 19*q - s*q**2. Calculate x(2).
12
Let o(s) = 8 - s + 0*s - 2. Suppose 2*m = t + 8, -13*m + 14 = -11*m + 2*t. What is o(m)?
1
Suppose 63*q = -43*q - 954. Let p(a) be the third derivative of -a**5/60 - 5*a**4/12 - a**2. What is p(q)?
9
Let v(z) = 8*z + 3. Let a(d) = 32*d - 20. Let h(m) = a(m) - 5*v(m). Determine h(-4).
-3
Let f(s) = s**3 - 4*s**2 - 2*s + 2. Let i be f(4). Let h(x) = -3 - 2 + 12 + 3*x - 2. Determine h(i).
-13
Let b(x) be the second derivative of -x**5/4 + 27*x**4/4 - 8*x**3/3 + 2*x**2 - 2851*x. What is b(16)?
4
Let r(g) = -3*g**3 + 16*g**2 - 3*g - 56. Let i(x) = -10*x**3 + 50*x**2 - 8*x - 167. Let o(p) = -2*i(p) + 7*r(p). Determine o(11).
8
Let l(f) = 14*f + 25. Suppose -64 = 38*o + 45 - 33. Calculate l(o).
-3
Let l(w) = w**3 + 9*w**2 + 5*w - 1. Suppose -5*z - 19 = -b, 7 = -2*b + 30*z - 29*z. Calculate l(b).
77
Let b(m) = -86*m + 62. Let t be b(1). Let y(o) = o**3 + 25*o**2 + 24*o + 10. Calculate y(t).
10
Let d(l) = 2*l**3 + 4*l**2 - 2*l - 10. Suppose 0 = 105*w - 53*w - 47*w + 10. Give d(w).
-6
Let g = -190 - -191. Let h(t) = 0 + 6*t**3 + 210*t**2 - 211*t**2 + g. Let q be ((-6)/(-9)*-3)/2. Calculate h(q).
-6
Let s = -1386 + 1353. Let p(h) = -6*h - 192. Calculate p(s).
6
Let f(x) = 37*x + 185. Let g be f(-5). Suppose -2*c = -t - g*c, 5*t + c - 22 = 0. Let j(l) = -l**2 + 5*l - 10. Calculate j(t).
-6
Let q be 64/20 - (-1)/(-5). Suppose 19*u + 90 - 527 = 0. Let n(h) = 35*h**2 - 14*h**2 - u*h**2 + 2. Calculate n(q).
-16
Let g(b) = b + 8. Let i be g(-7). Let d(j) = 7*j - 8*j + 6*j - 1 + 9*j - j. Give d(i).
12
Let z(w) = 19*w - 32. Suppose 25*q - 48*q = -46. Determine z(q).
6
Let j(y) = 62*y - 5. Let q(w) = 47*w - 6. Let v(p) = 3*j(p) - 4*q(p). Calculate v(18).
-27
Let a(u) = -2*u**2 - 2*u + 12. Suppose 0 = -5*g + 6*s - 5*s - 3, 0 = s - 3. Determine a(g).
12
Let q(i) be the third derivative of -i**5/12 + i**4/24 + 4*i**2. Let n = 71 - 11. Let p = -61 + n. Give q(p).
-6
Suppose 52*l - 50*l = 3*p + 51, -4*l + 5*p + 105 = 0. Let a(q) = -2*q**2 - 58 + 3*q + 33 - q**3 + l. Give a(-3).
5
Let j(u) = u**2 - u + 4. Let o = 7 - 9. Let p be (-4)/14 + o/((-14)/51). Let v = p - 3. What is j(v)?
16
Let i(b) = -3*b. Let l(x) = x - 9. Let s(f) = -5*i(f) - l(f). Let h be s(-1). Let p(y) = -y**3 - 5*y**2 - 2. Calculate p(h).
-2
Let i(t) = -t**2 + 11*t + 2. Let b be i(11). Let u be (9/2)/((-22)/(-12) - b). Let k = -23 - u. Let f(j) = -2*j - 2. Give f(k).
-10
Let q(w) = 927*w - 4639. Let b be q(5). Let p(h) = -h**3 - 1. Let d(j) = -3*j**3 - 2*j**2 + 3*j - 5. Let x(t) = -d(t) + 2*p(t). Determine x(b).
-17
Suppose 5*g - 6 + 38 = -3*w, 3*w + g = -28. Let v(r) = -74*r**2 + 9*r - 136 + 143 + r**3 + 84*r**2. Calculate v(w).
7
Suppose 0*h - 2 = 3*t + 2*h, -5*h + 25 = 0. Let z(u) = 2*u**2 + 7*u + 4. Let g be z(t). Let b(r) = 7*r - g*r + 0*r. Give b(0).
0
Let d(m) = m**2 - 16*m - 12. Let g(r) = -r**2 - 76*r + 9593. Let l be g(-143). Give d(l).
-60
Suppose 454*w + 649 = 364*w - 1061. Let n(r) = r**3 + 18*r**2 - 20*r - 36. Give n(w).
-17
Let h(d) = -46*d**2 + 19*d**2 - 3*d + d**3 + 25*d**2 + 0*d + 14*d**2 - 30. Give h(-12).
6
Suppose 0 = 24*w - 22*w - 12. Suppose 2*i + i - w = 0. Let j(q) = -4*q**2 - 2 + 23*q**2 + q**3 - 7*q**2 + 5*q - 5*q**i. What is j(-6)?
4
Let m = -55094 - -55083. Let i(b) = -3*b - 27. Let n(j) = -j - 9. Let r(l) = -6*i(l) + 17*n(l). Give r(m).
-2
Let h(i) = -i - 3. Suppose 399 = 3*d + 75. Let z be -4 - 5/((-15)/d). Let g = z + -37. What is h(g)?
2
Suppose 205*m - 72*m = 75*m - 232. Let u(n) = -2*n**3 - 7*n**2 + n - 12. What is u(m)?
0
Let d(n) = -22*n - 16. Let s(o) = 28*o + 17. Let u(w) = w. Let g(y) = s(y) - 2*u(y). Let b(x) = 7*d(x) + 6*g(x). Determine b(6).
2
Let g(f) = f + 7. Let a(q) = q + 5. Let j(m) = 7*a(m) - 5*g(m). Let v(y) be the first derivative of -2*y**3/3 - 4*y**2 + 5*y - 2. Let b be v(-5). What is j(b)?
-10
Let i(d) = -20*d**3 - 25*d**2 - 30*d + 132. Let q(o) = 7*o**3 + 8*o**2 + 10*o - 44. Let s(j) = 6*i(j) + 17*q(j). Calculate s(-13).
5
Let p(c) = 2*c**3 + 27*c**2 + 11*c - 23. Let b be p(-13). Let o be ((-16)/(-6))/(2/b). Let k(g) = -g**2 + 4*g + 4. Give k(o).
4
Let l(k) = -21*k**3 + 4 - 14 + 22*k**3 + 3*k**2 - 6*k. Let z be l(-3). Let b(a) = -2*a**2 + 10*a - 1 - z*a + 0*a. Give b(1).
-1
Suppose 4*m - 215*v + 217*v - 40 = 0, -2*m = -4*v - 30. Let w(b) = -b**2 + 12*b + 4. Determine w(m).
15
Suppose 3*g - g - 4 = 0, u + 2*g = 12. Suppose -3*z - u = -5*d, -4*z = d - 3*z - 8. Let i be 3/(65/(-20) + d). Let h(y) = y**2 - 3*y + 1. Calculate h(i).
5
Let c(y) = y**2 + 12*y + 33. Let d be c(-10). Let b(u) = -d*u**2 - 1 - 12*u + 45*u**2 + u**3 - 4 - 37*u**2. What is b(7)?
9
Let p(i) = -i + 6. Suppose 15*z + 3976 - 3946 = 0. Determine p(z).
8
Let k(r) = 1 + 1 + 4 + r. Let y(s) = s**3 - s**2 - 5*s - 18. Let z be y(0). Let t be z/(-48) + 6/(-16). Give k(t).
6
Suppose -6*r + 15 = -r. Let n(y) be the second derivative of -32 - 1/2*y**2 + y - 1/2*y**3 + 1/6*y**4. Give n(r).
8
Suppose -3*p - 23 = -4*h, 3*p - 2*p = -5. Let c(u) = -31*u + 58 - 12*u**h - 57 + 30*u. Let z = -2 + 3. What is c(z)?
-12
Let i(n) = 2*n + 2. Suppose 2*c - 15 = 9. Suppose -3*u + 7 = -a, -2*a = 5*u - 10*u + c. Let x be i(a). Let z(l) = l**3 - l - 3. Give z(x).
-3
Let p(s) = 47*s**2 - 6*s + 101. Let t(q) = -8*q**2 + q - 18. Let r(h) = -p(h) - 6*t(h). Let o = 2 - 8. Determine r(o).
43
Let s(z) = -13*z**2 + z + 1. Let j(w) = -12*w**2 - w + 1. Let i(k) = j(k) - s(k). Let g(l) = -l**3 - 6*l**2 + 4. Let d be g(-6). Calculate i(d).
8
Let o(v) be the first derivative of 7*v**2 - 2*v + 1/3*v**3 - 128. What is o(-14)?
-2
Let r(w) = -24 - 38 - 6*w - 20 + 95 - 14 - 20*w**2. Calculate r(1).
-27
Let g(h) = -h**3 + 2*h**2 + 8*h - 2. Let v = -14142 + 14148. Calculate g(v).
-98
Let a(h) = h**2 - 4*h + 3. Let p be a(2). Let f be p - -7 - (-6 - -8). Suppose -2*t - 3 = f*n + t, -9 = -3*t. Let j(b) = -3*b - 4. Give j(n).
5
Let c(x) = -x**2 - 13*x + 22. Let i(u) = -2*u**3 + 47*u**2